 r(a) = -5*t(a) - 8*w(a). Suppose 3*z + p + 16 = 1, 0 = 5*p + 15. Calculate r(z).
-7
Let v = 1 + 0. Let l(y) = -2*y**3 + 4*y - 6*y - v + 0*y. Suppose -3*b + 2 = -5*b. Give l(b).
3
Suppose a + 4*h - 14 = 0, -2*a + h = a - 3. Let c(v) = -2 + 8 - v**a - 4*v - 3. Suppose -4*x = -3*i + 17, 2*x - 2*i + 15 = -7*i. Determine c(x).
-2
Let h(n) = 6*n + 15. Let g(p) = 2 + 0 + 1 + 4*p + 7. Suppose 34 = -5*v - 6. Let j(l) = v*g(l) + 5*h(l). Calculate j(-4).
3
Suppose 0 = 5*o - 49 + 54. Let b(v) = 15*v**3 + v**2 + v + 1. Give b(o).
-14
Suppose -4*f = 0, 2*f = -2*s - 20 - 2. Suppose -l + 26 = -5*z - 4*l, -z - 4*l = -5. Let h = z - s. Let g(w) = -2*w + 4. Calculate g(h).
-4
Let f(i) be the second derivative of i**5/20 - i**4/4 - i**3/2 - 3*i**2/2 + i. Let c be f(4). Let v(p) = 0 + 2*p + 0 - c + 2. Determine v(2).
5
Let h be (-1)/(3/(-9)) + -1. Let c(j) = -1 - h + 2 - 1 - j. Let b be 9/(-5) - 3/15. What is c(b)?
0
Let j(u) = u**3 - 4*u**2 - 4*u + 6. Suppose 5*d = 31 - 6. Determine j(d).
11
Let p(k) = k + 1. Let m be ((-1)/(-3))/(13/78). Calculate p(m).
3
Let l(h) = h**2 + 6*h + 10. Suppose -19*n = -23*n - 28. Calculate l(n).
17
Let w(z) = z**3 - 7*z**2 - 5*z - 1. Let v(s) = 3*s**3 - 20*s**2 - 15*s - 4. Let f(b) = -3*v(b) + 8*w(b). Calculate f(5).
4
Let b(u) = u**2 + 4*u + 1. Let t = 9 - 12. Calculate b(t).
-2
Let n(g) be the second derivative of -g**4/12 - 4*g**3/3 + 4*g**2 - 33*g. Give n(-9).
-1
Let x(z) = 2*z**2 + 5*z + 2. Suppose w = -2*w + 3. Suppose 2*u = -5 - w. Determine x(u).
5
Let b(s) = -9*s**2 + s. Let k be (6/8)/(9/6)*2. Calculate b(k).
-8
Let s(o) be the first derivative of -5/2*o**2 - 3*o - 2/3*o**3 - 1. Calculate s(-3).
-6
Let r(w) = w. Let u(n) = n**2 - 8*n + 7. Let l(t) = 12 + 2*t - t + 0*t. Let c be l(-6). Let a be u(c). Determine r(a).
-5
Let c(p) = -1 + p**2 - 7*p + 0 + 3. Let t be 7 + (-6)/4 + 18/(-36). Calculate c(t).
-8
Let v(m) = -m - 5. Suppose -c - 4*z = 0, -4 = -4*z - 0*z. What is v(c)?
-1
Let x(a) = -a**3 + 4*a**2 - a + 4. Let u = -4 - -3. Let q = u + 4. Give x(q).
10
Let i be (-20)/(-8)*8/5. Suppose -3*w = f - 0*f - 9, 0 = -2*w + i*f + 20. Suppose 2*u + 0 = -w. Let y(t) = 2*t**3 + 2*t**2 - t + 1. Determine y(u).
-5
Let a(u) = -u - 3 - 2*u + 0. Suppose -r + 2*r = -2. What is a(r)?
3
Let s(c) = 15*c**2 - 2*c - 7. Let m(l) = -23*l**2 + 3*l + 10. Let n(k) = 5*m(k) + 7*s(k). Suppose -5*u - 8 = -3. Determine n(u).
-10
Let q be ((-3)/(-5))/(2/10). Let z(j) = q + 0 - 3 - 2*j. Determine z(2).
-4
Let z(u) = -43 - 35 - 3*u**2 + 77. Calculate z(-2).
-13
Let x be (-2)/10 + (-396)/45. Let p(n) = n**3 + 9*n**2 + n + 5. What is p(x)?
-4
Let a(u) be the first derivative of -u**3/3 + 2*u**2 + 7*u + 4. Let i be a(5). Let h(f) = 1 + 2*f - 2*f + 2*f - 2*f**2. What is h(i)?
-3
Let r(h) = -h**2 - 4*h + 4. Let t be 3/6*-6 - 1. Give r(t).
4
Let s(i) = i**3 - 7*i**2 + 5*i - 1. Suppose 13 = 3*h - a - 3, 0 = -5*h - a + 24. Let g = h + 1. What is s(g)?
-7
Let a(r) be the first derivative of r**4/12 + 5*r**3/6 - 3*r**2/2 - 2*r - 5. Let v(u) be the first derivative of a(u). Determine v(-6).
3
Let k = 2 - 4. Let c(l) be the third derivative of -l**4/24 - l**3/6 + l**2. Calculate c(k).
1
Let a(r) = -3*r**2 + 3 + r + 2*r**2 + 5*r. Let w(o) = -3*o**2 + 19*o + 10. Let x(f) = -7*a(f) + 2*w(f). Suppose -3*u - 3*u = -30. Give x(u).
4
Suppose 5*a + 5*k - 25 = 0, -3*a - k = -3*k. Suppose -a*j + 2 = -0, 0 = n - 4*j + 1. Let g(p) = p**2 - p - 4. Calculate g(n).
2
Let c(q) = q**3 - 4*q**2 - 7*q + 14. Let b be c(5). Let h(u) be the second derivative of 0*u**b - 1/20*u**5 + 2*u + 1/2*u**2 + 0 + 1/3*u**3. Give h(-1).
0
Let g(b) = -7*b**3 + 7*b**2 - 3*b - 9. Let n(o) = 4*o**3 - 3*o**2 + 2*o + 4. Let q(x) = -3*g(x) - 5*n(x). Determine q(6).
1
Let j(v) = -8*v + 1. Let i(x) = -16*x + 2. Let r(d) = 2*i(d) - 5*j(d). What is r(-1)?
-9
Suppose -5*y + 6 = -3*y. Let n(q) = -5*q**3 - 12*q**2 + 9*q + 25. Let w(j) = -j**3 - 3*j**2 + 2*j + 6. Let h(a) = 2*n(a) - 9*w(a). Calculate h(y).
-4
Let a(k) = -k**3 - 5*k**2 - 4*k - 3. Suppose -3*z = -2*v + 8, 5*v = -7*z + 3*z - 26. Calculate a(v).
-7
Let m(k) = -2*k. Let d(u) = -2*u + 1. Let a(p) = 2*d(p) - 3*m(p). Give a(-5).
-8
Let f(l) be the first derivative of 2*l - 2*l**3 - 3 + 4*l**3 - 3*l**3. Calculate f(-2).
-10
Suppose -5*k = 5*t - 35, -5*k - 6 = -4*t - 14. Let d(u) = -4*u**t + 2*u**2 + u**3 + 2*u**3. Calculate d(2).
0
Let j(n) be the third derivative of -n**6/720 + n**5/20 - n**4/6 - 6*n**2. Let i(t) be the second derivative of j(t). Give i(5).
1
Let u(i) be the third derivative of i**7/2520 + i**5/15 + 4*i**2. Let l(y) be the third derivative of u(y). Give l(-3).
-6
Let w(g) be the first derivative of -g**5/120 + g**4/6 - g**3/3 + 1. Let k(c) be the third derivative of w(c). What is k(6)?
-2
Let x(u) = -4*u**3 - 4*u**2 - 2*u - 1. Let i(p) = 7*p**3 + 8*p**2 + 4*p + 2. Let y(l) = -3*i(l) - 5*x(l). What is y(-4)?
7
Let a = -9 - -7. Let d = 5 + a. Let o(x) = x**3 - 4*x**2 + x. What is o(d)?
-6
Let u(r) = 5*r + 13. Let z(k) = -3*k - 6. Let y(c) = 4*u(c) + 7*z(c). Let n(j) = -4*j**3 - j**3 + 1 + j**3. Let g be n(-1). What is y(g)?
5
Let c(b) = b**2 + b. Let k(m) = -4*m**2 - 11*m + 7. Suppose 5*j - 7 + 32 = 0, -j - 4 = -i. Let g(q) = i*k(q) - 5*c(q). What is g(5)?
-2
Let h(d) = 3*d - d + 2*d + 11 - 3*d. Calculate h(0).
11
Let m = 74 + -79. Let b(h) = -h**2 - 6*h + 2. Calculate b(m).
7
Let t = -1 - -5. Suppose -2*m + 3 + 1 = 4*p, -m - 2 = t*p. Let s(g) = -g**3 + 6*g**2 - g + 1. Calculate s(m).
-5
Let d(n) be the second derivative of 13/6*n**3 - 9*n + 1/2*n**2 + 0. Suppose -2 = 3*j - 5. What is d(j)?
14
Let y(x) = 5*x**3 - 4*x**2 - 4*x - 3. Let b(h) = h**3 - h - 1. Let p(n) = -6*b(n) + y(n). Give p(-3).
-12
Let a = 1 - 1. Let v(k) = 0*k - k + a*k. Suppose -3*g - 3*r - 3 = 0, -6*r = 5*g - 2*r. Calculate v(g).
-4
Let x(d) = d**2 + 6*d + 5. Suppose -6 - 6 = -3*q. Suppose -5*b = -6*b - q. Give x(b).
-3
Suppose -2 = -2*x + 8. Suppose 5*b + h - 11 = 0, 2*b - 4*b - h = -x. Let k(y) = -b*y + y - y + 9. Calculate k(6).
-3
Let y(w) be the second derivative of 1/6*w**3 + 0*w**2 + 0 + 7/20*w**5 + 1/12*w**4 + 6*w. What is y(-1)?
-7
Let m(j) be the first derivative of -j**4/4 - 2*j**3 + 2*j - 29. What is m(-6)?
2
Let f = -16 + 22. Let x(o) = o - 2. What is x(f)?
4
Suppose m - 15 = 4*m. Let i(s) = -s**3 - 4*s**2 + 5*s + 6. Let r be i(m). Let w(v) = -v**2 + 7*v - 1. Determine w(r).
5
Let r(c) = -4*c**3 + 2*c**2 - 2*c + 1. Let z be (-2)/(-3) - 2/(-6). Let m be r(z). Let d(p) = p. Determine d(m).
-3
Let m(b) = 4*b - 49. Let q(l) = l - 12. Let u be 3/(-2*3/(-18)). Let h(i) = u*q(i) - 2*m(i). Let f = -3 + 8. What is h(f)?
-5
Suppose -25 = 4*y + y, 18 = -j - 5*y. Suppose -3*r = -3*o - 12, -r = -5*o - j - 17. Let b(v) = -3*v**2 - 2*v - 1. What is b(r)?
-2
Suppose i - 5 = -0*i. Suppose 4*l = i*y + 5, 4*l + 2*y + 2*y + 40 = 0. Let m(f) = -f + 1. Give m(l).
6
Let u(q) = 2*q + 1. Suppose x + 2 = 5. Suppose -x = -s - 2*s. What is u(s)?
3
Let t(r) = -r + 6. Let n be t(9). Let j be 3/(n - -6)*5. Let f(g) = -g**3 + 6*g**2 - 4*g - 4. Give f(j).
1
Let w = -8 - -7. Let t(v) = -6*v**2 + 6*v + 1. Let l(u) = u. Let c(r) = r**2 + 2*r. Let a(z) = c(z) - l(z). Let p(k) = w*t(k) + 6*a(k). Give p(1).
11
Suppose 2 = -2*a + j, -5*a = j - 2 - 0. Let t = a - 6. Let v(u) = -u**2 - 7*u - 8. Give v(t).
-2
Let w(g) = 3 - 6 - 5 + g**2 - g. Let z = 125 + -125. Determine w(z).
-8
Let x = 18 + -16. Let g(z) = 4*z + 3. Let l(w) = -5*w - 3. Let p(b) = 7*g(b) + 6*l(b). What is p(x)?
-1
Suppose 3*a = -t - 5, -a - 4*t - 4 = -5*a. Let o(n) = -12*n. What is o(a)?
12
Let j(i) = i**3 - 1. Let l be j(1). Let f(c) = 1 + 2*c + c + c**2 - c**3 - 2*c - 6. What is f(l)?
-5
Let k(n) be the third derivative of -n**4/8 - n**3/2 - 5*n**2. Give k(-5).
12
Let x(k) = -4*k**3 + k**2 + 5*k + 3. Let m(c) = 4*c**3 - c**2 - 4*c - 2. Let q(z) = -4*m(z) - 3*x(z). Calculate q(1).
-3
Let q(k) = 3*k - 1. Suppose -15 = 2*r - 5*r + 2*f, -5*f - 15 = 0. Calculate q(r).
8
Let z(c) = c**2 - 4*c + 2. Let h be z(2). Let l = 3 + h. Let n(m) be the third derivative of -7*m**5/60 - m**4/24 + m**3/6 - 6*m**2. Determine n(l).
-7
Suppose -7*d + 10 = -2*d. Suppose -d*z - z + 12 = 0. Let v(q) = -2*q + 4. Give v(z).
-4
Suppose 8*s = 6*s - 6. Let x be ((-4)/s)/((-5)/15). Let q(k) = -3*k + 4. What is q(x)?
16
Let l(a) = 4*a - 2. Let k be l(0). L